02322 (base 4) to base 11
2a4a8
80381 (base 9) to base 3
2200102201
-11470cc (base 13) to base 8
-24246025
What is -75ffc (base 16) in base 14?
-c81d2
Convert -1626251 (base 7) to base 16.
-370cd
What is 1210010132 (base 4) in base 3?
202211020222
What is 6421500 (base 7) in base 12?
316640
What is -10402636 (base 7) in base 14?
-192dc6
Convert 74272 (base 8) to base 10.
30906
130002222331 (base 4) to base 13
16a4bb6
Convert 110001101101110101110 (base 2) to base 14.
3059a6
-1201323302 (base 4) to base 12
-174182
Convert -100001111111110110010 (base 2) to base 14.
-20ddbc
3d0c0 (base 15) to base 10
195930
Convert -d3cc (base 14) to base 6.
-440412
Convert -75183 (base 11) to base 12.
-5334a
What is 322230301 (base 4) in base 9?
405727
-324341035 (base 6) to base 15
-79ca65
Convert -18ac26 (base 14) to base 8.
-3254742
23266631 (base 7) to base 6
111540415
What is -4654600 (base 7) in base 3?
-1002201121201
What is 98955a (base 11) in base 16?
1818e4
-113553455 (base 6) to base 5
-1022130312
-111111100010001000 (base 2) to base 8
-774210
59394 (base 11) to base 3
11100111020
-1a424 (base 14) to base 12
-32700
Convert 1592a8a (base 12) to base 2.
10000110111100010001010
Convert -206339 (base 10) to base 14.
-552a7
1163b (base 15) to base 11
3869a
-301a48 (base 13) to base 9
-2083328
1bb130 (base 12) to base 3
221012112200
635254 (base 9) to base 13
102c91
Convert 55510 (base 16) to base 6.
11253504
What is 2192210 (base 11) in base 16?
3a9389
What is -102121110 (base 3) in base 2?
-10000100001111
What is -222202432 (base 5) in base 15?
-143ee7
Convert -2dd21 (base 14) to base 13.
-404c5
Convert -1b0327 (base 14) to base 2.
-11101010100111111111
What is -324a4 (base 11) in base 5?
-3002213
What is 712079 (base 12) in base 6?
101504233
Convert -1005353 (base 7) to base 6.
-2321245
What is -11202201202 (base 4) in base 8?
-5424142
What is -5110202 (base 6) in base 7?
-2026532
Convert -455416 (base 7) to base 4.
-103310011
Convert -1b483 (base 15) to base 12.
-43459
215693 (base 15) to base 14
2d489c
What is 275610 (base 8) in base 4?
113232020
Convert 187077 (base 14) to base 12.
358329
-40444304 (base 5) to base 16
-5018f
What is -1120104 (base 6) in base 4?
-31323220
Convert -35145665 (base 7) to base 13.
-84133a
Convert 936036 (base 10) to base 6.
32021300
What is 11544233 (base 8) in base 14?
4a23d9
ad1a7d (base 14) to base 2
10110011100001001011111
6b88c (base 14) to base 10
262372
Convert -3866512 (base 12) to base 3.
-202212010120012
-13222320120 (base 4) to base 9
-3704073
44b03b (base 12) to base 5
240103302
719027 (base 12) to base 14
344023
Convert -227442 (base 11) to base 14.
-95903
Convert 2010010210 (base 3) to base 11.
29329
What is 56982 (base 11) in base 4?
110013002
What is 12545324 (base 6) in base 13?
118657
-11102020022 (base 3) to base 13
-30743
What is 52aa76 (base 11) in base 8?
3172364
4054461 (base 7) to base 3
220121012210
Convert -433303 (base 9) to base 16.
-3f108
Convert 14222003 (base 5) to base 7.
1155406
Convert -1001110111010000000 (base 2) to base 14.
-85ada
What is 1001222100220111 (base 3) in base 9?
31870814
111875 (base 16) to base 14
212429
482b371 (base 12) to base 6
1215550221
Convert -13324542 (base 7) to base 12.
-4b5900
-110013233111 (base 4) to base 14
-9b431b
What is 120a06 (base 11) in base 7?
1425311
-3421300 (base 6) to base 16
-2a7a4
What is 2220354 (base 6) in base 14?
2c954
What is -579a8 (base 13) in base 6?
-3232003
Convert 10011232 (base 4) to base 6.
205314
Convert 223342 (base 5) to base 2.
1111100100100
146922 (base 13) to base 11
31194a
-10203122113 (base 5) to base 11
-5a89817
220322301201 (base 4) to base 6
1021523413
567432 (base 8) to base 13
6969c
What is 111022414 (base 6) in base 4?
13222210222
3a1353 (base 13) to base 7
14630140
What is 136710 (base 9) in base 15?
19bdc
-49bd2 (base 16) to base 7
-2365365
-471830 (base 11) to base 14
-156d79
What is -24265260 (base 8) in base 16?
-516ab0
210110101112 (base 3) to base 7
3406262
2fe77 (base 16) to base 8
577167
-89393 (base 11) to base 12
-62b98
What is 21101212 (base 3) in base 6?
40552
What is 3424000023 (base 5) in base 9?
15334877
What is 433576 (base 10) in base 15?
88701
What is 1100111100010000010 (base 2) in base 3?
210112201011
What is 161675 (base 9) in base 8?
302562
Convert -1011110100101010111 (base 2) to base 8.
-1364527
What is 3394a (base 14) in base 5?
13002220
Convert 402809 (base 10) to base 6.
12344505
What is -1c79a (base 16) in base 13?
-4111b
What is 303024224 (base 5) in base 10?
1220564
What is -1022022211222 (base 3) in base 13?
-1b4670
-21c1c3 (base 15) to base 4
-12021020223
d8c95 (base 14) to base 5
113230333
What is -9b25ca (base 13) in base 12?
-1286911
Convert 102022221020122 (base 3) to base 15.
7de32e
Convert -1100101001110101 (base 2) to base 7.
-304051
What is -512241 (base 6) in base 14?
-10b97
Convert 1e14c (base 16) to base 11.
84631
What is 1cc825 (base 15) in base 12?
57b622
Convert 42033211 (base 5) to base 9.
576626
What is -11910ac (base 15) in base 13?
-27c6357
Convert 30375464 (base 8) to base 5.
3120440200
Convert -757031 (base 9) to base 13.
-12a53a
Convert 212202220102201 (base 3) to base 14.
196c647
-11240554 (base 8) to base 9
-4531186
aa40f (base 16) to base 3
1022102121010
Convert -20000211101 (base 3) to base 10.
-118702
Convert 6672a (base 11) to base 15.
1d9c6
-24431201 (base 5) to base 2
-111000111101010101
What is 2be61d (base 15) in base 4?
20012213131
What is -a97401 (base 11) in base 13?
-494646
What is -6146582 (base 9) in base 8?
-14403710
-160f9e (base 16) to base 4
-11200332132
What is -578372 (base 12) in base 8?
-5265406
What is -4383007 (base 9) in base 2?
-1000111111100101011001
40863 (base 12) to base 11
5826a
Convert 201201210 (base 4) to base 14.
38084
-420351 (base 6) to base 9
-51364
-222314314 (base 7) to base 15
-12b005d
10936 (base 12) to base 4
11120322
3a220 (base 15) to base 6
3553333
What is -75a186 (base 11) in base 14?
-238647
What is 30041032 (base 7) in base 12?
9b7647
What is 1211022210112 (base 3) in base 5?
222032010
Convert 1011111110100011 (base 2) to base 8.
137643
-bfc2 (base 16) to base 4
-23333002
Convert -4054425 (base 7) to base 16.
-7635c
-21340466 (base 7) to base 10
-1825004
What is -663567 (base 9) in base 13?
-10b508
-294351 (base 10) to base 13
-a3c95
What is 1454154 (base 12) in base 2?
1111100111000011010000
-20930b (base 16) to base 14
-3d7db5
Convert 505250050 (base 6) to base 7.
133360431
What is -10011111011110101 (base 2) in base 5?
-10103103
What is 10100000111100101101101 (base 2) in base 16?
50796d
Convert -12011331131 (base 4) to base 14.
-2d8153
Convert 210a8 (base 14) to base 8.
233554
-3244012 (base 9) to base 10
-1741592
-87902 (base 13) to base 8
-737216
-2625435 (base 7) to base 2
-1010011101101011111
-10041343 (base 5) to base 11
-55819
Convert 15125610 (base 7) to base 10.
1435413
What is 67432 (base 8) in base 10?
28442
Convert 1188375 (base 11) to base 9.
3780834
-48308 (base 10) to base 3
-2110021012
What is -2583717 (base 9) in base 10?
-1413385
What is -210160 (base 9) in base 13?
-44a57
What is -43066 (base 8) in base 9?
-26581
54740 (base 13) to base 15
30438
What is -12222301 (base 4) in base 5?
-1333223
Convert -5a05742 (base 11) to base 2.
-100111111101100101010111
Convert -131322322331 (base 4) to base 16.
-77aebd
Convert -779 (base 11) to base 9.
-1246
-242291 (base 10) to base 14
-64427
What is -8344a (base 12) in base 4?
-221322322
93442 (base 10) to base 4
112310002
What is 2ee95 (base 16) in base 10?
192149
What is 22101000121 (base 3) in base 10?
164770
What is -289188 (base 10) in base 3?
-112200200200
-66263601 (base 7) to base 14
-a83da8
What is 1102002201012 (base 3) in base 13?
20345c
What is -1711648 (base 11) in base 5?
-1221300133
What is 3333210021 (base 4) in base 11?
655520
12334 (base 16) to base 11
51011
11110100101101000 (base 2) to base 13
45047
What is 280722 (base 16) in base 2?
1010000000011100100010
Convert 104583 (base 16) to base 8.
4042603
What is -1c9e7 (base 15) in base 16?
-16cb7
What is 173137 (base 9) in base 10?
107278
-1011313333300 (base 4) to base 11
-a381068
What is 971297 (base 10) in base 2?
11101101001000100001
What is 587446 (base 10) in base 6?
20331354
Wh